{"id":837,"date":"2025-06-24T10:09:02","date_gmt":"2025-06-24T13:09:02","guid":{"rendered":"https:\/\/hlprojetos.net.br\/?page_id=837"},"modified":"2025-06-30T10:14:50","modified_gmt":"2025-06-30T13:14:50","slug":"suporte-online","status":"publish","type":"page","link":"https:\/\/hlprojetos.net.br\/?page_id=837","title":{"rendered":"Suporte Online"},"content":{"rendered":"<div data-colibri-id=\"837-c1\" class=\"style-715 style-local-837-c1 position-relative\">\n  <!---->\n  <div data-colibri-component=\"section\" data-colibri-id=\"837-c2\" id=\"content\" class=\"h-section h-section-global-spacing d-flex align-items-lg-center align-items-md-center align-items-center style-716 style-local-837-c2 h-overflow-hidden position-relative\">\n    <!---->\n    <!---->\n    <div class=\"h-section-grid-container h-section-fluid-container\">\n      <!---->\n      <div data-colibri-id=\"837-c3\" class=\"h-row-container gutters-row-lg-0 gutters-row-md-0 gutters-row-2 gutters-row-v-lg-0 gutters-row-v-md-0 gutters-row-v-2 style-717 style-local-837-c3 position-relative\">\n        <!---->\n        <div class=\"h-row justify-content-lg-center justify-content-md-center justify-content-center align-items-lg-stretch align-items-md-stretch align-items-stretch gutters-col-lg-0 gutters-col-md-0 gutters-col-2 gutters-col-v-lg-0 gutters-col-v-md-0 gutters-col-v-2\">\n          <!---->\n          <div class=\"h-column h-column-container d-flex h-col-lg-auto h-col-md-auto h-col-auto style-718-outer style-local-837-c4-outer\">\n            <div data-colibri-id=\"837-c4\" class=\"d-flex h-flex-basis h-column__inner h-ui-empty-state-container h-px-lg-0 h-px-md-0 h-px-0 v-inner-lg-0 v-inner-md-0 v-inner-0 style-718 style-local-837-c4 position-relative\">\n              <!---->\n              <!---->\n              <div class=\"w-100 h-y-container h-column__content h-column__v-align flex-basis-100\">\n                <!---->\n              <\/div>\n            <\/div>\n          <\/div>\n          <div class=\"h-column h-column-container d-flex h-col-lg-auto h-col-md-auto h-col-auto style-719-outer style-local-837-c5-outer\">\n            <div data-colibri-id=\"837-c5\" class=\"d-flex h-flex-basis h-column__inner h-px-lg-0 h-px-md-0 h-px-0 v-inner-lg-0 v-inner-md-0 v-inner-0 style-719 style-local-837-c5 position-relative\">\n              <!---->\n              <!---->\n              <div class=\"w-100 h-y-container h-column__content h-column__v-align flex-basis-100 align-self-lg-start align-self-md-start align-self-start\">\n                <!---->\n                <div data-colibri-id=\"837-c6\" class=\"h-global-transition-all h-heading style-720 style-local-837-c6 position-relative h-element\">\n                  <!---->\n                  <div class=\"h-heading__outer style-720 style-local-837-c6\">\n                    <!---->\n                    <!---->\n                    <h4 class=\"\">EQUIPE DE APOIO<\/h4>\n                  <\/div>\n                <\/div>\n                <div data-colibri-id=\"837-c7\" class=\"h-global-transition-all h-heading style-721 style-local-837-c7 position-relative h-element\">\n                  <!---->\n                  <div class=\"h-heading__outer style-721 style-local-837-c7\">\n                    <!---->\n                    <!---->\n                    <h2 class=\"\">Ajuda nos momentos certos<\/h2>\n                  <\/div>\n                <\/div>\n                <div data-colibri-id=\"837-c8\" class=\"h-text h-text-component style-722 style-local-837-c8 position-relative h-element\">\n                  <!---->\n                  <!---->\n                  <div class=\"\">\n                    <p>Temos um time que vai te ajudar a pesquisar a informa\u00e7\u00e3o que voc\u00ea precisa ao fazer suas an\u00e1lises, para que voc\u00ea apoie da melhor maneira os seus clientes neste momento de transi\u00e7\u00e3o tribut\u00e1ria.<\/p>\n                  <\/div>\n                <\/div>\n                <div data-colibri-id=\"837-c9\" class=\"h-row-container gutters-row-lg-2 gutters-row-md-2 gutters-row-0 gutters-row-v-lg-2 gutters-row-v-md-2 gutters-row-v-0 style-723 style-local-837-c9 position-relative\">\n                  <!---->\n                  <div class=\"h-row justify-content-lg-center justify-content-md-center justify-content-center align-items-lg-stretch align-items-md-stretch align-items-stretch gutters-col-lg-2 gutters-col-md-2 gutters-col-0 gutters-col-v-lg-2 gutters-col-v-md-2 gutters-col-v-0\">\n                    <!---->\n                    <div class=\"h-column h-column-container d-flex h-col-lg-6 h-col-md-6 h-col-6 style-724-outer style-local-837-c10-outer\">\n                      <div data-colibri-id=\"837-c10\" class=\"d-flex h-flex-basis h-column__inner h-px-lg-0 h-px-md-0 h-px-2 v-inner-lg-0 v-inner-md-0 v-inner-2 style-724 style-local-837-c10 position-relative\">\n                        <!---->\n                        <!---->\n                        <div class=\"w-100 h-y-container h-column__content h-column__v-align flex-basis-100 align-self-lg-start align-self-md-start align-self-start\">\n                          <!---->\n                          <div data-colibri-id=\"837-c11\" class=\"h-global-transition-all h-heading style-725 style-local-837-c11 position-relative h-element\">\n                            <!---->\n                            <div class=\"h-heading__outer style-725 style-local-837-c11\">\n                              <!---->\n                              <!---->\n                              <h5 class=\"\">POR CNAE E ATIVIDADES<\/h5>\n                            <\/div>\n                          <\/div>\n                          <div data-colibri-id=\"837-c12\" class=\"h-text h-text-component style-726 style-local-837-c12 position-relative h-element\">\n                            <!---->\n                            <!---->\n                            <div class=\"\">\n                              <p>Pesquisas de acordo com cada setor econ\u00f4mico.<\/p>\n                            <\/div>\n                          <\/div>\n                        <\/div>\n                      <\/div>\n                    <\/div>\n                    <div class=\"h-column h-column-container d-flex h-col-lg-6 h-col-md-6 h-col-6 style-724-outer style-local-837-c13-outer\">\n                      <div data-colibri-id=\"837-c13\" class=\"d-flex h-flex-basis h-column__inner h-px-lg-0 h-px-md-0 h-px-2 v-inner-lg-0 v-inner-md-0 v-inner-2 style-724 style-local-837-c13 position-relative\">\n                        <!---->\n                        <!---->\n                        <div class=\"w-100 h-y-container h-column__content h-column__v-align flex-basis-100 align-self-lg-start align-self-md-start align-self-start\">\n                          <!---->\n                          <div data-colibri-id=\"837-c14\" class=\"h-global-transition-all h-heading style-725 style-local-837-c14 position-relative h-element\">\n                            <!---->\n                            <div class=\"h-heading__outer style-725 style-local-837-c14\">\n                              <!---->\n                              <!---->\n                              <h5 class=\"\">COM\u00c9RCIO EXTERIOR<\/h5>\n                            <\/div>\n                          <\/div>\n                          <div data-colibri-id=\"837-c15\" class=\"h-text h-text-component style-726 style-local-837-c15 position-relative h-element\">\n                            <!---->\n                            <!---->\n                            <div class=\"\">\n                              <p>Para empresas importadoras e exportadores.<\/p>\n                            <\/div>\n                          <\/div>\n                        <\/div>\n                      <\/div>\n                    <\/div>\n                    <div class=\"h-column h-column-container d-flex h-col-lg-6 h-col-md-6 h-col-6 style-724-outer style-local-837-c16-outer\">\n                      <div data-colibri-id=\"837-c16\" class=\"d-flex h-flex-basis h-column__inner h-px-lg-0 h-px-md-0 h-px-2 v-inner-lg-0 v-inner-md-0 v-inner-2 style-724 style-local-837-c16 position-relative\">\n                        <!---->\n                        <!---->\n                        <div class=\"w-100 h-y-container h-column__content h-column__v-align flex-basis-100 align-self-lg-start align-self-md-start align-self-start\">\n                          <!---->\n                          <div data-colibri-id=\"837-c17\" class=\"h-global-transition-all h-heading style-725 style-local-837-c17 position-relative h-element\">\n                            <!---->\n                            <div class=\"h-heading__outer style-725 style-local-837-c17\">\n                              <!---->\n                              <!---->\n                              <h5 class=\"\">POR REGIME TRIBUT\u00c1RIO<\/h5>\n                            <\/div>\n                          <\/div>\n                          <div data-colibri-id=\"837-c18\" class=\"h-text h-text-component style-726 style-local-837-c18 position-relative h-element\">\n                            <!---->\n                            <!---->\n                            <div class=\"\">\n                              <p>An\u00e1lises para Simples, Lucro Real e Lucro Presumido.<\/p>\n                            <\/div>\n                          <\/div>\n                        <\/div>\n                      <\/div>\n                    <\/div>\n                    <div class=\"h-column h-column-container d-flex h-col-lg-6 h-col-md-6 h-col-6 style-724-outer style-local-837-c19-outer\">\n                      <div data-colibri-id=\"837-c19\" class=\"d-flex h-flex-basis h-column__inner h-px-lg-0 h-px-md-0 h-px-2 v-inner-lg-0 v-inner-md-0 v-inner-2 style-724 style-local-837-c19 position-relative\">\n                        <!---->\n                        <!---->\n                        <div class=\"w-100 h-y-container h-column__content h-column__v-align flex-basis-100 align-self-lg-start align-self-md-start align-self-start\">\n                          <!---->\n                          <div data-colibri-id=\"837-c20\" class=\"h-global-transition-all h-heading style-725 style-local-837-c20 position-relative h-element\">\n                            <!---->\n                            <div class=\"h-heading__outer style-725 style-local-837-c20\">\n                              <!---->\n                              <!---->\n                              <h5 class=\"\">AVALIA\u00c7\u00c3O POR ESTADOS<\/h5>\n                            <\/div>\n                          <\/div>\n                          <div data-colibri-id=\"837-c21\" class=\"h-text h-text-component style-726 style-local-837-c21 position-relative h-element\">\n                            <!---->\n                            <!---->\n                            <div class=\"\">\n                              <p>Cuidado especial para o local de compra e destino de mercadorias.<\/p>\n                            <\/div>\n                          <\/div>\n                        <\/div>\n                      <\/div>\n                    <\/div>\n                  <\/div>\n                <\/div>\n                <div data-colibri-id=\"837-c22\" class=\"h-x-container style-860 style-local-837-c22 position-relative h-element\">\n                  <!---->\n                  <div class=\"h-x-container-inner style-dynamic-837-c22-group style-860-spacing style-local-837-c22-spacing\"><span class=\"h-button__outer style-861-outer style-local-837-c23-outer d-inline-flex h-element\"><a h-use-smooth-scroll=\"true\" href=\"https:\/\/hlprojetos.net.br\/#contato\"  data-colibri-id=\"837-c23\" class=\"d-flex w-100 align-items-center h-button justify-content-lg-center justify-content-md-center justify-content-center style-861 style-local-837-c23 position-relative\"><!----><!----> <span>FALE CONOSCO<\/span><\/a>\n                    <\/span>\n                  <\/div>\n                <\/div>\n              <\/div>\n            <\/div>\n          <\/div>\n        <\/div>\n      <\/div>\n    <\/div>\n  <\/div>\n<\/div>","protected":false},"excerpt":{"rendered":"<p>EQUIPE DE APOIO Ajuda nos momentos certos Temos um time que vai te ajudar a pesquisar a informa\u00e7\u00e3o que voc\u00ea precisa ao fazer suas an\u00e1lises, para que voc\u00ea apoie da melhor maneira os seus clientes neste momento de transi\u00e7\u00e3o tribut\u00e1ria. POR CNAE E ATIVIDADES Pesquisas de acordo com cada setor econ\u00f4mico. COM\u00c9RCIO EXTERIOR Para empresas [&hellip;]<\/p>\n","protected":false},"author":1,"featured_media":0,"parent":0,"menu_order":0,"comment_status":"closed","ping_status":"closed","template":"page-templates\/full-width-page.php","meta":{"footnotes":""},"class_list":["post-837","page","type-page","status-publish","hentry"],"_links":{"self":[{"href":"https:\/\/hlprojetos.net.br\/index.php?rest_route=\/wp\/v2\/pages\/837","targetHints":{"allow":["GET"]}}],"collection":[{"href":"https:\/\/hlprojetos.net.br\/index.php?rest_route=\/wp\/v2\/pages"}],"about":[{"href":"https:\/\/hlprojetos.net.br\/index.php?rest_route=\/wp\/v2\/types\/page"}],"author":[{"embeddable":true,"href":"https:\/\/hlprojetos.net.br\/index.php?rest_route=\/wp\/v2\/users\/1"}],"replies":[{"embeddable":true,"href":"https:\/\/hlprojetos.net.br\/index.php?rest_route=%2Fwp%2Fv2%2Fcomments&post=837"}],"version-history":[{"count":9,"href":"https:\/\/hlprojetos.net.br\/index.php?rest_route=\/wp\/v2\/pages\/837\/revisions"}],"predecessor-version":[{"id":1235,"href":"https:\/\/hlprojetos.net.br\/index.php?rest_route=\/wp\/v2\/pages\/837\/revisions\/1235"}],"wp:attachment":[{"href":"https:\/\/hlprojetos.net.br\/index.php?rest_route=%2Fwp%2Fv2%2Fmedia&parent=837"}],"curies":[{"name":"wp","href":"https:\/\/api.w.org\/{rel}","templated":true}]}}