{"id":784,"date":"2025-06-23T21:40:07","date_gmt":"2025-06-24T00:40:07","guid":{"rendered":"https:\/\/hlprojetos.net.br\/?page_id=784"},"modified":"2025-07-07T15:44:31","modified_gmt":"2025-07-07T18:44:31","slug":"treinamento-e-capacitacao","status":"publish","type":"page","link":"https:\/\/hlprojetos.net.br\/?page_id=784","title":{"rendered":"Treinamento"},"content":{"rendered":"<div data-colibri-id=\"784-c1\" class=\"style-675 style-local-784-c1 position-relative\">\r\n  <!---->\r\n  <div data-colibri-component=\"section\" data-colibri-id=\"784-c2\" id=\"content\" class=\"h-section h-section-global-spacing d-flex align-items-lg-center align-items-md-center align-items-center style-676 style-local-784-c2 position-relative\">\r\n    <!---->\r\n    <!---->\r\n    <div class=\"h-section-grid-container h-section-fluid-container\">\r\n      <!---->\r\n      <div data-colibri-id=\"784-c3\" class=\"h-row-container gutters-row-lg-0 gutters-row-md-0 gutters-row-2 gutters-row-v-lg-0 gutters-row-v-md-0 gutters-row-v-2 style-677 style-local-784-c3 position-relative\">\r\n        <!---->\r\n        <div class=\"h-row justify-content-lg-center justify-content-md-center justify-content-center align-items-lg-stretch align-items-md-stretch align-items-stretch gutters-col-lg-0 gutters-col-md-0 gutters-col-2 gutters-col-v-lg-0 gutters-col-v-md-0 gutters-col-v-2\">\r\n          <!---->\r\n          <div class=\"h-column h-column-container d-flex h-col-lg-auto h-col-md-auto h-col-auto style-678-outer style-local-784-c4-outer\">\r\n            <div data-colibri-id=\"784-c4\" class=\"d-flex h-flex-basis h-column__inner h-px-lg-0 h-px-md-0 h-px-0 v-inner-lg-0 v-inner-md-0 v-inner-0 style-678 style-local-784-c4 position-relative\">\r\n              <!---->\r\n              <!---->\r\n              <div class=\"w-100 h-y-container h-column__content h-column__v-align flex-basis-100 align-self-lg-start align-self-md-start align-self-start\">\r\n                <!---->\r\n                <div data-colibri-id=\"784-c5\" class=\"h-global-transition-all h-heading style-679 style-local-784-c5 position-relative h-element\">\r\n                  <!---->\r\n                  <div class=\"h-heading__outer style-679 style-local-784-c5\">\r\n                    <!---->\r\n                    <!---->\r\n                    <h4 class=\"\">CURSOS ON DEMAND<\/h4>\r\n                  <\/div>\r\n                <\/div>\r\n                <div data-colibri-id=\"784-c6\" class=\"h-global-transition-all h-heading style-680 style-local-784-c6 position-relative h-element\">\r\n                  <!---->\r\n                  <div class=\"h-heading__outer style-680 style-local-784-c6\">\r\n                    <!---->\r\n                    <!---->\r\n                    <h2 class=\"\">Solu\u00e7\u00f5es Customizadas<\/h2>\r\n                  <\/div>\r\n                <\/div>\r\n                <div data-colibri-id=\"784-c7\" class=\"h-text h-text-component style-681 style-local-784-c7 position-relative h-element\">\r\n                  <!---->\r\n                  <!---->\r\n                  <div class=\"\">\r\n                    <p>Nossa proposta de trabalho \u00e9 de levar at\u00e9 seu escrit\u00f3rio programas que atendam a necessidades espec\u00edficas tanto do seu time quando de alguns de seus clientes. Sempre que voc\u00ea perceber que a falta de conhecimento e capacita\u00e7\u00e3o estiver\r\n                      prejudicando a qualidade e produtividade do seu trabalho, conte conosco para modelar atividades de treinamento.&nbsp;<\/p>\r\n                  <\/div>\r\n                <\/div>\r\n                <div data-colibri-id=\"784-c8\" class=\"h-row-container gutters-row-lg-2 gutters-row-md-2 gutters-row-0 gutters-row-v-lg-2 gutters-row-v-md-2 gutters-row-v-0 style-682 style-local-784-c8 position-relative\">\r\n                  <!---->\r\n                  <div class=\"h-row justify-content-lg-center justify-content-md-center justify-content-center align-items-lg-stretch align-items-md-stretch align-items-stretch gutters-col-lg-2 gutters-col-md-2 gutters-col-0 gutters-col-v-lg-2 gutters-col-v-md-2 gutters-col-v-0\">\r\n                    <!---->\r\n                    <div class=\"h-column h-column-container d-flex h-col-lg-6 h-col-md-6 h-col-6 style-683-outer style-local-784-c9-outer\">\r\n                      <div data-colibri-id=\"784-c9\" class=\"d-flex h-flex-basis h-column__inner h-px-lg-0 h-px-md-0 h-px-0 v-inner-lg-0 v-inner-md-0 v-inner-0 style-683 style-local-784-c9 position-relative\">\r\n                        <!---->\r\n                        <!---->\r\n                        <div class=\"w-100 h-y-container h-column__content h-column__v-align flex-basis-100 align-self-lg-start align-self-md-start align-self-start\">\r\n                          <!---->\r\n                          <div data-colibri-id=\"784-c10\" class=\"h-global-transition-all h-heading style-684 style-local-784-c10 position-relative h-element\">\r\n                            <!---->\r\n                            <div class=\"h-heading__outer style-684 style-local-784-c10\">\r\n                              <!---->\r\n                              <!---->\r\n                              <h5 class=\"\">PROGRAMAS SOB MEDIDA<\/h5>\r\n                            <\/div>\r\n                          <\/div>\r\n                          <div data-colibri-id=\"784-c11\" class=\"h-text h-text-component style-685 style-local-784-c11 position-relative h-element\">\r\n                            <!---->\r\n                            <!---->\r\n                            <div class=\"\">\r\n                              <p>Personalizados para grupos de profissionais ou indiv\u00edduos.<\/p>\r\n                            <\/div>\r\n                          <\/div>\r\n                        <\/div>\r\n                      <\/div>\r\n                    <\/div>\r\n                    <div class=\"h-column h-column-container d-flex h-col-lg-6 h-col-md-6 h-col-6 style-683-outer style-local-784-c12-outer\">\r\n                      <div data-colibri-id=\"784-c12\" class=\"d-flex h-flex-basis h-column__inner h-px-lg-0 h-px-md-0 h-px-0 v-inner-lg-0 v-inner-md-0 v-inner-0 style-683 style-local-784-c12 position-relative\">\r\n                        <!---->\r\n                        <!---->\r\n                        <div class=\"w-100 h-y-container h-column__content h-column__v-align flex-basis-100 align-self-lg-start align-self-md-start align-self-start\">\r\n                          <!---->\r\n                          <div data-colibri-id=\"784-c13\" class=\"h-global-transition-all h-heading style-684 style-local-784-c13 position-relative h-element\">\r\n                            <!---->\r\n                            <div class=\"h-heading__outer style-684 style-local-784-c13\">\r\n                              <!---->\r\n                              <!---->\r\n                              <h5 class=\"\">EXERC\u00cdCIOS PR\u00c1TICOS<\/h5>\r\n                            <\/div>\r\n                          <\/div>\r\n                          <div data-colibri-id=\"784-c14\" class=\"h-text h-text-component style-685 style-local-784-c14 position-relative h-element\">\r\n                            <!---->\r\n                            <!---->\r\n                            <div class=\"\">\r\n                              <p>Conhecimento associado \u00e0 pr\u00e1tica, para fixar entendimento.<\/p>\r\n                            <\/div>\r\n                          <\/div>\r\n                        <\/div>\r\n                      <\/div>\r\n                    <\/div>\r\n                    <div class=\"h-column h-column-container d-flex h-col-lg-6 h-col-md-6 h-col-6 style-683-outer style-local-784-c15-outer\">\r\n                      <div data-colibri-id=\"784-c15\" class=\"d-flex h-flex-basis h-column__inner h-px-lg-0 h-px-md-0 h-px-0 v-inner-lg-0 v-inner-md-0 v-inner-0 style-683 style-local-784-c15 position-relative\">\r\n                        <!---->\r\n                        <!---->\r\n                        <div class=\"w-100 h-y-container h-column__content h-column__v-align flex-basis-100 align-self-lg-start align-self-md-start align-self-start\">\r\n                          <!---->\r\n                          <div data-colibri-id=\"784-c16\" class=\"h-global-transition-all h-heading style-684 style-local-784-c16 position-relative h-element\">\r\n                            <!---->\r\n                            <div class=\"h-heading__outer style-684 style-local-784-c16\">\r\n                              <!---->\r\n                              <!---->\r\n                              <h5 class=\"\">\r\n                                <br>SOLU\u00c7\u00d5ES ECON\u00d4MICAS<\/h5>\r\n                            <\/div>\r\n                          <\/div>\r\n                          <div data-colibri-id=\"784-c17\" class=\"h-text h-text-component style-685 style-local-784-c17 position-relative h-element\">\r\n                            <!---->\r\n                            <!---->\r\n                            <div class=\"\">\r\n                              <p>Atividades ao vivo ou gravadas em v\u00eddeo para agilizar intera\u00e7\u00f5es.<\/p>\r\n                            <\/div>\r\n                          <\/div>\r\n                        <\/div>\r\n                      <\/div>\r\n                    <\/div>\r\n                    <div class=\"h-column h-column-container d-flex h-col-lg-6 h-col-md-6 h-col-6 style-683-outer style-local-784-c18-outer\">\r\n                      <div data-colibri-id=\"784-c18\" class=\"d-flex h-flex-basis h-column__inner h-px-lg-0 h-px-md-0 h-px-0 v-inner-lg-0 v-inner-md-0 v-inner-0 style-683 style-local-784-c18 position-relative\">\r\n                        <!---->\r\n                        <!---->\r\n                        <div class=\"w-100 h-y-container h-column__content h-column__v-align flex-basis-100 align-self-lg-start align-self-md-start align-self-start\">\r\n                          <!---->\r\n                          <div data-colibri-id=\"784-c19\" class=\"h-global-transition-all h-heading style-684 style-local-784-c19 position-relative h-element\">\r\n                            <!---->\r\n                            <div class=\"h-heading__outer style-684 style-local-784-c19\">\r\n                              <!---->\r\n                              <!---->\r\n                              <h5 class=\"\">\r\n                                <br>AVALIA\u00c7\u00c3O DE USU\u00c1RIOS<\/h5>\r\n                            <\/div>\r\n                          <\/div>\r\n                          <div data-colibri-id=\"784-c20\" class=\"h-text h-text-component style-685 style-local-784-c20 position-relative h-element\">\r\n                            <!---->\r\n                            <!---->\r\n                            <div class=\"\">\r\n                              <p>Garantimos atrav\u00e9s de avalia\u00e7\u00f5es que o aprendizado foi efetivo.<\/p>\r\n                            <\/div>\r\n                          <\/div>\r\n                        <\/div>\r\n                      <\/div>\r\n                    <\/div>\r\n                  <\/div>\r\n                <\/div>\r\n              <\/div>\r\n            <\/div>\r\n          <\/div>\r\n          <div class=\"h-column h-column-container d-flex h-col-lg-auto h-col-md-auto h-col-auto style-686-outer style-local-784-c21-outer\">\r\n            <div data-colibri-id=\"784-c21\" class=\"d-flex h-flex-basis h-column__inner h-ui-empty-state-container h-px-lg-0 h-px-md-0 h-px-0 v-inner-lg-0 v-inner-md-0 v-inner-0 style-686 style-local-784-c21 position-relative\">\r\n              <!---->\r\n              <!---->\r\n              <div class=\"w-100 h-y-container h-column__content h-column__v-align flex-basis-100\">\r\n                <!---->\r\n              <\/div>\r\n            <\/div>\r\n          <\/div>\r\n        <\/div>\r\n      <\/div>\r\n      <div data-colibri-id=\"784-c22\" class=\"h-row-container gutters-row-lg-2 gutters-row-md-2 gutters-row-0 gutters-row-v-lg-2 gutters-row-v-md-2 gutters-row-v-2 style-687 style-local-784-c22 position-relative\">\r\n        <!---->\r\n        <div class=\"h-row justify-content-lg-center justify-content-md-center justify-content-center align-items-lg-stretch align-items-md-stretch align-items-stretch gutters-col-lg-2 gutters-col-md-2 gutters-col-0 gutters-col-v-lg-2 gutters-col-v-md-2 gutters-col-v-2\">\r\n          <!---->\r\n          <div class=\"h-column h-column-container d-flex h-col-lg-auto h-col-md-auto h-col-auto style-688-outer style-local-784-c23-outer\">\r\n            <div data-colibri-id=\"784-c23\" class=\"d-flex h-flex-basis h-column__inner h-px-lg-2 h-px-md-2 h-px-2 v-inner-lg-2 v-inner-md-2 v-inner-2 style-688 style-local-784-c23 position-relative\">\r\n              <!---->\r\n              <!---->\r\n              <div class=\"w-100 h-y-container h-column__content h-column__v-align flex-basis-100 align-self-lg-start align-self-md-start align-self-start\">\r\n                <!---->\r\n                <div data-colibri-id=\"784-c24\" class=\"h-x-container style-689 style-local-784-c24 position-relative h-element\">\r\n                  <!---->\r\n                  <div class=\"h-x-container-inner style-dynamic-784-c24-group style-689-spacing style-local-784-c24-spacing\"><span class=\"h-button__outer style-690-outer style-local-784-c25-outer d-inline-flex h-element\"><a h-use-smooth-scroll=\"true\" href=\"https:\/\/hlprojetos.net.br\/#contato\"  data-colibri-id=\"784-c25\" class=\"d-flex w-100 align-items-center h-button justify-content-lg-center justify-content-md-center justify-content-center style-690 style-local-784-c25 position-relative\"><!----><!----> <span>fale conosco<\/span><\/a>\r\n                    <\/span>\r\n                  <\/div>\r\n                <\/div>\r\n              <\/div>\r\n            <\/div>\r\n          <\/div>\r\n        <\/div>\r\n      <\/div>\r\n    <\/div>\r\n  <\/div>\r\n<\/div>","protected":false},"excerpt":{"rendered":"<p>CURSOS ON DEMAND Solu\u00e7\u00f5es Customizadas Nossa proposta de trabalho \u00e9 de levar at\u00e9 seu escrit\u00f3rio programas que atendam a necessidades espec\u00edficas tanto do seu time quando de alguns de seus clientes. Sempre que voc\u00ea perceber que a falta de conhecimento e capacita\u00e7\u00e3o estiver prejudicando a qualidade e produtividade do seu trabalho, conte conosco para modelar [&hellip;]<\/p>\n","protected":false},"author":1,"featured_media":0,"parent":0,"menu_order":0,"comment_status":"closed","ping_status":"closed","template":"page-templates\/full-width-page.php","meta":{"footnotes":""},"class_list":["post-784","page","type-page","status-publish","hentry"],"_links":{"self":[{"href":"https:\/\/hlprojetos.net.br\/index.php?rest_route=\/wp\/v2\/pages\/784","targetHints":{"allow":["GET"]}}],"collection":[{"href":"https:\/\/hlprojetos.net.br\/index.php?rest_route=\/wp\/v2\/pages"}],"about":[{"href":"https:\/\/hlprojetos.net.br\/index.php?rest_route=\/wp\/v2\/types\/page"}],"author":[{"embeddable":true,"href":"https:\/\/hlprojetos.net.br\/index.php?rest_route=\/wp\/v2\/users\/1"}],"replies":[{"embeddable":true,"href":"https:\/\/hlprojetos.net.br\/index.php?rest_route=%2Fwp%2Fv2%2Fcomments&post=784"}],"version-history":[{"count":10,"href":"https:\/\/hlprojetos.net.br\/index.php?rest_route=\/wp\/v2\/pages\/784\/revisions"}],"predecessor-version":[{"id":1423,"href":"https:\/\/hlprojetos.net.br\/index.php?rest_route=\/wp\/v2\/pages\/784\/revisions\/1423"}],"wp:attachment":[{"href":"https:\/\/hlprojetos.net.br\/index.php?rest_route=%2Fwp%2Fv2%2Fmedia&parent=784"}],"curies":[{"name":"wp","href":"https:\/\/api.w.org\/{rel}","templated":true}]}}